2167295.
5, 13, 33343
What are the prime factors of 731602376?
2, 47, 1945751
What are the prime factors of 88672591?
7, 12667513
What are the prime factors of 47694642?
2, 3, 853, 9319
What are the prime factors of 1362799078?
2, 83, 8209633
List the prime factors of 512208979.
512208979
List the prime factors of 7452571779.
3, 47, 41651
List the prime factors of 436665329.
436665329
List the prime factors of 524827089.
3, 58314121
What are the prime factors of 1131058918?
2, 11, 51411769
List the prime factors of 836201131.
836201131
What are the prime factors of 1385056789?
43, 61, 528043
What are the prime factors of 193787121?
3, 11, 23, 131, 1949
What are the prime factors of 69094826?
2, 34547413
List the prime factors of 2097046647.
3, 12277, 18979
List the prime factors of 101449265.
5, 19, 47, 22721
List the prime factors of 2848645328.
2, 613, 290441
List the prime factors of 29820683.
79, 377477
List the prime factors of 1346865533.
13, 23, 941, 4787
What are the prime factors of 1774614728?
2, 307, 722563
List the prime factors of 440952501.
3, 11, 271, 49307
What are the prime factors of 214423218?
2, 3, 31, 149, 2579
What are the prime factors of 165276345?
3, 5, 13, 19, 31, 1439
What are the prime factors of 2774788351?
2774788351
List the prime factors of 49089776.
2, 3068111
What are the prime factors of 5597351049?
3, 137, 229, 59471
What are the prime factors of 3017558065?
5, 61, 9893633
What are the prime factors of 3514185903?
3, 313, 3742477
List the prime factors of 602616880.
2, 5, 7532711
What are the prime factors of 1387849201?
29, 47856869
List the prime factors of 381999109.
127, 1433, 2099
What are the prime factors of 36394665?
3, 5, 443, 5477
List the prime factors of 99677387.
99677387
What are the prime factors of 78597681?
3, 17, 197, 7823
List the prime factors of 106832179.
7927, 13477
What are the prime factors of 226891600?
2, 5, 13, 43633
List the prime factors of 2150482170.
2, 3, 5, 71682739
What are the prime factors of 5837879087?
409, 14273543
What are the prime factors of 7890607559?
11059, 713501
List the prime factors of 20645569.
7, 1301, 2267
What are the prime factors of 1910618135?
5, 382123627
What are the prime factors of 553350322?
2, 7, 39525023
List the prime factors of 2817891225.
3, 5, 97, 129113
What are the prime factors of 296329054?
2, 7, 19, 1114019
What are the prime factors of 47272578?
2, 3, 7878763
What are the prime factors of 4688778638?
2, 29, 80841011
List the prime factors of 207403040.
2, 5, 13, 99713
What are the prime factors of 227225659?
101, 2249759
List the prime factors of 160520572.
2, 40130143
What are the prime factors of 29089118?
2, 233, 62423
What are the prime factors of 2261030184?
2, 3, 7, 4486171
List the prime factors of 792127458.
2, 3, 3191, 4597
What are the prime factors of 40427017?
40427017
List the prime factors of 114055301.
114055301
List the prime factors of 907010588.
2, 11, 17, 251, 4831
List the prime factors of 79960291.
41, 83, 23497
What are the prime factors of 9841783?
7, 487, 2887
List the prime factors of 447434062.
2, 12907, 17333
What are the prime factors of 1658553255?
3, 5, 71, 79, 6571
List the prime factors of 803918543.
907, 886349
What are the prime factors of 65589388?
2, 2447, 6701
List the prime factors of 7916087.
211, 37517
List the prime factors of 182009511.
3, 23, 151, 647
List the prime factors of 4965610017.
3, 79, 1021, 20521
What are the prime factors of 32390679?
3, 10796893
What are the prime factors of 26081921?
71, 211, 1741
List the prime factors of 48655652.
2, 149, 81637
What are the prime factors of 285441741?
3, 13, 2439673
What are the prime factors of 18868148?
2, 13, 491, 739
List the prime factors of 15334018.
2, 7, 1095287
List the prime factors of 1255069510.
2, 5, 19, 61, 108289
What are the prime factors of 118398606?
2, 3, 71, 449, 619
What are the prime factors of 108998865?
3, 5, 283, 317
List the prime factors of 654253953.
3, 577, 377963
List the prime factors of 24873779.
7, 103, 34499
List the prime factors of 323249087.
7, 139, 332219
List the prime factors of 46721144.
2, 449, 13007
List the prime factors of 1776557376.
2, 3, 11, 199, 1409
List the prime factors of 832588036.
2, 7, 29735287
List the prime factors of 454483889.
443, 709, 1447
What are the prime factors of 1515875363?
17, 89169139
List the prime factors of 3322359500.
2, 5, 37, 47, 3821
List the prime factors of 259745534.
2, 73, 1153, 1543
What are the prime factors of 126621711?
3, 103, 5059
What are the prime factors of 1647193809?
3, 19, 28898137
What are the prime factors of 264097630?
2, 5, 271, 97453
What are the prime factors of 220014836?
2, 55003709
List the prime factors of 216514551.
3, 11, 29, 233, 971
What are the prime factors of 727931246?
2, 7, 6917, 7517
What are the prime factors of 234239330?
2, 5, 13, 53, 33997
List the prime factors of 81528215.
5, 23, 43, 16487
List the prime factors of 25681553.
25681553
What are the prime factors of 210578329?
13, 241, 67213
List the prime factors of 804439280.
2, 5, 10055491
What are the prime factors of 90321056?
2, 7, 403219
What are the prime factors of 45378626?
2, 3347, 6779
List the prime factors of 284474860.
2, 5, 14223743
What are the prime factors of 129667407?
3, 47, 311, 2957
List the prime factors of 2001081716.
2, 500270429
What are the prime factors of 1704145589?
29, 181, 324661
What are the prime factors of 444490599?
3, 7, 1471, 14389
What are the prime factors of 2597148?
2, 3, 19, 3797
What are the prime factors of 7261979932?
2, 1103, 1645961
What are the prime factors of 241944611?
241944611
List the prime factors of 13772838.
2, 3, 2295473
List the prime factors of 86773155.
3, 5, 7, 826411
List the prime factors of 64650133.
17, 3802949
What are the prime factors of 765731161?
13, 463, 127219
List the prime factors of 107678194.
2, 13, 4141469
List the prime factors of 2125325536.
2, 66416423
What are the prime factors of 1999460554?
2, 7, 13, 19, 578213
List the prime factors of 8643932512.
2, 107, 607, 4159
What are the prime factors of 466650165?
3, 5, 19, 29, 131, 431
What are the prime factors of 822179712?
2, 3, 23, 127, 733
List the prime factors of 2049224802.
2, 3, 341537467
What are the prime factors of 4916678506?
2, 59, 41666767
What are the prime factors of 785026410?
2, 3, 5, 7, 37, 71, 1423
List the prime factors of 1925133659.
1925133659
List the prime factors of 343534504.
2, 17, 2525989
What are the prime factors of 162774438?
2, 3, 199, 136327
What are the prime factors of 725013784?
2, 11, 691, 11923
List the prime factors of 105933059.
4007, 26437
What are the prime factors of 40891620?
2, 3, 5, 7, 11, 53, 167
What are the prime factors of 15491284?
2, 17, 409, 557
List the prime factors of 55412980.
2, 5, 7, 23, 17209
List the prime factors of 466827544.
2, 58353443
What are the prime factors of 528410078?
2, 7, 3001, 12577
List the prime factors of 1131337246.
2, 13, 349, 124679
What are the prime factors of 807886885?
5, 13, 457, 27197
What are the prime factors of 448905665?
5, 13, 71, 211, 461
List the prime factors of 7249109.
7, 239, 619
List the prime factors of 71396243.
17, 19, 47, 4703
What are the prime factors of 643149292?
2, 6833, 23531
What are the prime factors of 2870465942?
2, 8363, 171617
List the prime factors of 2803974568.
2, 151, 2321171
What are the prime factors of 23837959?
23, 359, 2887
List the prime factors of 91986457.
101, 157, 5801
List the prime factors of 1203651302.
2, 7, 73, 1177741
What are the prime factors of 1161202825?
5, 1237, 37549
List the prime factors of 4970445.
3, 5, 229, 1447
What are the prime factors of 152141062?
2, 3947, 19273
What are the prime factors of 5018067638?
2, 101, 853, 29123
List the prime factors of 2159920777.
7, 23, 257, 52201
What are the prime factors of 364501533?
3, 11, 349, 31649
What are the prime factors of 4355795868?
2, 3, 362982989
List the prime factors of 274465245.
3, 5, 773, 23671
What are the prime factors of 4302720993?
3, 6869, 208799
List the prime factors of 300618758.
2, 11, 13664489
List the prime factors of 1081019937.
3, 967, 372637
What are the prime factors of 527623010?
2, 5, 71, 743131
What are the prime factors of 135